common divisor of 10 and 1396090.
10
What is the greatest common divisor of 73853 and 2691?
299
What is the highest common factor of 12 and 1026588?
12
Calculate the highest common divisor of 13508474 and 17262.
1918
What is the highest common divisor of 14 and 11821418?
14
Calculate the greatest common divisor of 6648 and 125992.
8
Calculate the greatest common divisor of 1161 and 432279.
387
Calculate the greatest common divisor of 84 and 11871902.
14
Calculate the highest common factor of 60134 and 50076.
214
What is the highest common divisor of 110356 and 2810976?
188
Calculate the highest common divisor of 1330369 and 500956.
2363
Calculate the greatest common divisor of 621 and 51327.
27
What is the highest common divisor of 9332577 and 225504?
2349
Calculate the highest common divisor of 203 and 5641979.
203
Calculate the highest common factor of 298817608 and 6504.
2168
Calculate the highest common factor of 3776066 and 70.
14
Calculate the greatest common divisor of 31401500 and 100.
100
What is the greatest common divisor of 99 and 237036789?
99
Calculate the greatest common factor of 1143920 and 2060320.
6320
What is the greatest common factor of 1765156 and 13354?
1214
Calculate the greatest common factor of 5 and 203659.
1
What is the highest common divisor of 1368044716 and 4?
4
Calculate the highest common factor of 1260076500 and 100.
100
Calculate the greatest common divisor of 1195553 and 2171.
167
What is the greatest common divisor of 57939070 and 190?
10
Calculate the greatest common divisor of 71722 and 1744.
218
What is the highest common factor of 280 and 64480430?
70
What is the highest common divisor of 66884 and 234508?
92
What is the greatest common factor of 218268 and 43384572?
5076
Calculate the greatest common factor of 778 and 37822470.
778
Calculate the highest common divisor of 62711 and 781.
11
Calculate the highest common factor of 2584714 and 10098.
374
Calculate the highest common divisor of 3651 and 206260811.
1217
What is the highest common factor of 570 and 34044105?
285
Calculate the highest common factor of 59319 and 20358.
351
Calculate the highest common factor of 30425143 and 22925.
917
What is the greatest common divisor of 2896 and 10559408?
16
Calculate the greatest common factor of 3019460 and 16340.
860
What is the greatest common factor of 40 and 28609160?
40
Calculate the highest common factor of 1820084 and 2492.
28
What is the greatest common factor of 1120644513 and 41?
41
What is the greatest common factor of 9242 and 135538551?
4621
What is the highest common divisor of 5365 and 261220?
185
Calculate the greatest common factor of 25182087 and 1995.
399
Calculate the greatest common factor of 11832 and 85529584.
3944
What is the greatest common divisor of 49416 and 201144?
696
What is the highest common factor of 17540 and 62666035?
4385
What is the greatest common divisor of 55882650 and 25?
25
What is the greatest common divisor of 11270 and 101545?
115
What is the highest common divisor of 25799580 and 116?
4
Calculate the greatest common factor of 89799 and 74703.
111
What is the greatest common divisor of 18030438 and 2754?
2754
What is the greatest common divisor of 380000 and 228?
76
Calculate the highest common factor of 1015117531 and 673.
673
What is the highest common divisor of 1325 and 122009975?
1325
What is the greatest common divisor of 25453601 and 1019?
1019
What is the highest common divisor of 479584089 and 1773?
1773
What is the highest common divisor of 13 and 101377757?
13
What is the highest common divisor of 43392 and 4227104?
3616
Calculate the highest common factor of 152128812 and 2508.
132
Calculate the greatest common factor of 39345446 and 952.
238
What is the greatest common divisor of 569008 and 3690500?
2684
What is the highest common factor of 1706730 and 1650?
30
What is the greatest common divisor of 607556 and 268?
268
What is the greatest common factor of 3 and 2239959?
3
What is the highest common divisor of 138030321 and 3007?
3007
Calculate the highest common factor of 34029 and 258501.
597
What is the greatest common divisor of 624 and 2272656?
48
What is the highest common factor of 23722 and 24418?
58
What is the greatest common factor of 76751 and 31349?
1081
What is the greatest common factor of 9 and 341182467?
9
Calculate the highest common factor of 9515535 and 24.
3
Calculate the greatest common divisor of 513 and 252073.
19
What is the highest common factor of 1381930880 and 13445?
13445
Calculate the greatest common divisor of 5435408 and 352.
176
Calculate the highest common factor of 147 and 3077977.
7
What is the highest common factor of 46474 and 187187488?
2446
Calculate the greatest common divisor of 3855470 and 496.
62
What is the greatest common factor of 2268672 and 404698?
2954
Calculate the greatest common factor of 1681083 and 119592.
1359
What is the highest common factor of 70 and 11223492?
14
Calculate the highest common factor of 8024 and 38511188.
4012
Calculate the greatest common divisor of 366714075 and 21.
21
What is the highest common divisor of 215298 and 32782?
886
Calculate the greatest common divisor of 561325 and 910.
5
What is the greatest common factor of 7856393 and 8502?
109
What is the highest common divisor of 71511 and 7849149?
363
What is the greatest common divisor of 1050824 and 33304?
184
Calculate the greatest common factor of 23982643 and 14684.
3671
What is the highest common factor of 4890 and 36584610?
30
What is the greatest common divisor of 26622915 and 55?
55
Calculate the greatest common factor of 6696 and 577288.
8
What is the highest common divisor of 36 and 2115645108?
12
Calculate the highest common factor of 13014459 and 27.
27
What is the greatest common divisor of 128 and 24323008?
64
What is the greatest common factor of 624 and 91832?
104
Calculate the highest common divisor of 6262297 and 1141.
163
What is the greatest common divisor of 69174279 and 3438?
1719
Calculate the highest common divisor of 3234 and 7834022.
98
Calculate the highest common factor of 9146169 and 135.
27
What is the greatest common divisor of 710840 and 403?
13
Calculate the greatest common divisor of 522 and 58594.
2
What is the greatest common factor of 2932413 and 3267?
33
What is the highest common divisor of 87138109 and 2819?
2819
Calculate the greatest common divisor of 4913150 and 8822.
22
What is the greatest common divisor of 3905 and 17984797?
71
What is the greatest common divisor of 15 and 306213?
3
What is the highest common factor of 780680 and 25955?
145
What is the greatest common factor of 400 and 12398064?
16
What is the greatest common divisor of 825051 and 2544?
159
Calculate the greatest common divisor of 36093616 and 156.
52
What is the highest common factor of 6987184 and 2928?
976
What is the highest common factor of 1139 and 207365201?
1139
What is the highest common factor of 282 and 34895526?
282
Calculate the greatest common factor of 104 and 36818990.
26
What is the greatest common divisor of 7668296 and 928?
232
Calculate the greatest common factor of 4088 and 1880188.
292
What is the greatest common divisor of 15766790 and 390?
130
What is the greatest common divisor of 70014183 and 21033?
2337
Calculate the greatest common divisor of 253503 and 1296.
27
What is the highest common factor of 1243875 and 2604?
93
What is the greatest common factor of 94543700 and 59225?
2575
Calculate the highest common divisor of 770 and 1448606390.
770
Calculate the greatest common factor of 9616 and 580.
4
Calculate the greatest common divisor of 2466 and 15600708.
18
Calculate the highest common factor of 8684087 and 3979.
23
What is the greatest common factor of 1936310 and 3847030?
8530
Calculate the highest common factor of 2885896 and 3432.
104
What is the greatest common factor of 80 and 14932055?
5
Calculate the highest common factor of 798 and 13223658.
798
Calculate the highest common factor of 10635 and 104375435.
3545
Calculate the greatest common factor of 72138139 and 101.
101
What is the highest common divisor of 603307 and 570?
19
What is the highest common divisor of 141470 and 30401?
301
What is the highest common factor of 10455 and 49573305?
615
Calculate the high